nder when 631588 is divided by 492?
352
Calculate the remainder when 3216056 is divided by 12.
8
Calculate the remainder when 9915547 is divided by 50.
47
What is the remainder when 2337417 is divided by 1168700?
17
Calculate the remainder when 2557734 is divided by 30.
24
What is the remainder when 5075247 is divided by 107982?
93
Calculate the remainder when 171730 is divided by 3121.
75
What is the remainder when 328808 is divided by 1006?
852
What is the remainder when 64568140 is divided by 262472?
28
Calculate the remainder when 2103655 is divided by 525900.
55
What is the remainder when 54325886 is divided by 134470?
6
What is the remainder when 4750806 is divided by 279457?
37
What is the remainder when 79585 is divided by 11176?
1353
What is the remainder when 4794974 is divided by 10202?
34
What is the remainder when 211006 is divided by 28?
26
What is the remainder when 2446693 is divided by 7941?
865
What is the remainder when 1126179 is divided by 12513?
9
What is the remainder when 94527368 is divided by 1085?
1083
What is the remainder when 330116 is divided by 1022?
10
Calculate the remainder when 1054395465 is divided by 6146.
6143
Calculate the remainder when 315628 is divided by 230.
68
What is the remainder when 2403683 is divided by 114459?
44
What is the remainder when 120259 is divided by 30051?
55
What is the remainder when 29483110 is divided by 203?
202
What is the remainder when 145786 is divided by 5639?
4811
Calculate the remainder when 68405 is divided by 59.
24
Calculate the remainder when 87571 is divided by 262.
63
Calculate the remainder when 504672 is divided by 9522.
6
What is the remainder when 980238 is divided by 42617?
47
What is the remainder when 7624294 is divided by 158?
4
What is the remainder when 185493 is divided by 2769?
2739
What is the remainder when 307671 is divided by 76873?
179
Calculate the remainder when 325887 is divided by 18465.
11982
What is the remainder when 56183 is divided by 55294?
889
Calculate the remainder when 47715 is divided by 7742.
1263
What is the remainder when 701922 is divided by 17998?
0
Calculate the remainder when 15272557 is divided by 14.
13
What is the remainder when 21383833 is divided by 23?
20
Calculate the remainder when 4728682 is divided by 42988.
2
Calculate the remainder when 2399919 is divided by 1030.
19
What is the remainder when 8721386 is divided by 197?
196
What is the remainder when 8204 is divided by 6774?
1430
What is the remainder when 10240457 is divided by 17?
14
What is the remainder when 138441 is divided by 839?
6
Calculate the remainder when 1013753054 is divided by 6582.
6578
Calculate the remainder when 1342384 is divided by 447441.
61
Calculate the remainder when 7584745 is divided by 1264121.
19
Calculate the remainder when 515609 is divided by 20624.
9
What is the remainder when 3826779557 is divided by 10?
7
Calculate the remainder when 497503 is divided by 2221.
2220
Calculate the remainder when 714958 is divided by 1161.
943
What is the remainder when 2460132 is divided by 559?
532
Calculate the remainder when 1879309 is divided by 626429.
22
Calculate the remainder when 55658 is divided by 4099.
2371
What is the remainder when 9776288 is divided by 3057?
2
What is the remainder when 58517256 is divided by 10?
6
What is the remainder when 21470548 is divided by 53?
36
Calculate the remainder when 47874270 is divided by 540.
30
What is the remainder when 6309729 is divided by 1317?
1299
Calculate the remainder when 51311 is divided by 1001.
260
Calculate the remainder when 7848720 is divided by 880.
0
What is the remainder when 603064 is divided by 33?
22
What is the remainder when 56550 is divided by 28203?
144
What is the remainder when 36435 is divided by 1684?
1071
What is the remainder when 8171759 is divided by 149?
3
Calculate the remainder when 20349050 is divided by 51.
50
What is the remainder when 857866 is divided by 80?
26
Calculate the remainder when 13494121 is divided by 111.
73
Calculate the remainder when 244945 is divided by 22240.
305
What is the remainder when 9571002 is divided by 17000?
2
Calculate the remainder when 1213723 is divided by 399.
364
Calculate the remainder when 598037 is divided by 99202.
2825
Calculate the remainder when 224974 is divided by 4776.
502
What is the remainder when 22061729 is divided by 863?
860
Calculate the remainder when 51009997 is divided by 400.
397
Calculate the remainder when 270201 is divided by 270179.
22
What is the remainder when 32376230 is divided by 307?
10
What is the remainder when 2585165 is divided by 861719?
8
Calculate the remainder when 42281 is divided by 42087.
194
Calculate the remainder when 25215309 is divided by 810.
9
What is the remainder when 1184520 is divided by 15046?
10932
Calculate the remainder when 1719122 is divided by 63.
41
What is the remainder when 445656 is divided by 360?
336
Calculate the remainder when 611021 is divided by 359.
3
What is the remainder when 6607333 is divided by 229?
225
What is the remainder when 5786794 is divided by 964465?
4
What is the remainder when 148254 is divided by 29649?
9
Calculate the remainder when 7033881 is divided by 44.
41
Calculate the remainder when 23541 is divided by 340.
81
What is the remainder when 2286381 is divided by 1421?
1413
Calculate the remainder when 7254615 is divided by 127.
121
What is the remainder when 765214 is divided by 171?
160
Calculate the remainder when 316885 is divided by 96.
85
What is the remainder when 440759 is divided by 146913?
20
What is the remainder when 15361621 is divided by 1181662?
15
What is the remainder when 967313 is divided by 220?
193
Calculate the remainder when 439687 is divided by 4884.
127
What is the remainder when 135583 is divided by 2142?
637
Calculate the remainder when 207688433 is divided by 177.
173
Calculate the remainder when 818876 is divided by 58489.
30
What is the remainder when 12701775 is divided by 871?
853
What is the remainder when 12442334 is divided by 478?
472
What is the remainder when 288817 is divided by 701?
5
Calculate the remainder when 13233886 is divided by 4637.
4525
What is the remainder when 14776810 is divided by 270?
250
Calculate the remainder when 33697 is divided by 4792.
153
Calculate the remainder when 50707739 is divided by 236952.
11
What is the remainder when 2321618 is divided by 229?
16
Calculate the remainder when 71110 is divided by 747.
145
What is the remainder when 296360 is divided by 97595?
3575
Calculate the remainder when 7235 is divided by 2984.
1267
What is the remainder when 11795 is divided by 737?
3
Calculate the remainder when 641759648 is divided by 61.
59
Calculate the remainder when 256826 is divided by 10696.
122
What is the remainder when 689087 is divided by 2619?
290
Calculate the remainder when 28976729 is divided by 105.
89
What is the remainder when 855289784 is divided by 105?
104
What is the remainder when 30343651 is divided by 213687?
97
What is the remainder when 5527424 is divided by 5527385?
39
What is the remainder when 24349 is divided by 4918?
4677
Calculate the remainder when 36280 is divided by 5956.
544
What is the remainder when 90151794 is divided by 7275?
7269
What is the remainder when 960216 is divided by 36?
24
What is the remainder when 13444493 is divided by 2372?
2369
Calculate the remainder when 46669 is divided by 2630.
1959
Calculate the remainder when 11430 is divided by 2599.
1034
What is the remainder when 307036 is divided by 1765?
1691
Calculate the remainder when 156576 is divided by 2237.
2223
What is the remainder when 725175 is divided by 69?
54
Calculate the remainder when 17638288 is divided by 47.
34
Calculate the remainder when 623860 is divided by 6707.
109
Calculate the remainder when 5271355 is divided by 15.
10
Calculate the remainder when 559462282 is divided by 55946227.
12
Calculate the remainder when 21131819 is divided by 325.
319
Calculate the remainder when 9101906 is divided by 1137714.
194
What is the remainder when 203229 is divided by 1286?
41
What is the remainder when 18972005 is divided by 186?
5
What is the remainder when 1322580 is divided by 69609?
9
What is the remainder when 3838799 is divided by 70?
69
Calculate